{"id":21,"date":"2012-04-27T01:11:51","date_gmt":"2012-04-27T01:11:51","guid":{"rendered":"http:\/\/www.mickaelsangouard.com\/?page_id=21"},"modified":"2020-04-17T09:00:05","modified_gmt":"2020-04-17T09:00:05","slug":"acceuil","status":"publish","type":"page","link":"https:\/\/www.mickaelsangouard.com\/","title":{"rendered":"Accueil"},"content":{"rendered":"<p><a href=\"http:\/\/www.mickaelsangouard.com\/wp-content\/uploads\/2012\/04\/Mickael.png\"><img loading=\"lazy\" decoding=\"async\" class=\"alignright size-thumbnail wp-image-69\" title=\"Mickael\" src=\"http:\/\/www.mickaelsangouard.com\/wp-content\/uploads\/2012\/04\/Mickael-150x150.png\" alt=\"\" width=\"150\" height=\"150\"><\/a>Apr\u00e8s plus de vingt ann\u00e9es d&rsquo;exp\u00e9rience je vous propose mes services en \u00e9lagage et en abattage quelle que soit la hauteur ou la difficult\u00e9 technique de l&rsquo;ouvrage. Je vous propose \u00e9galement mon savoir faire en paysage pour cr\u00e9er et entretenir tous vos ext\u00e9rieurs. L&rsquo;entreprise situ\u00e9e \u00e0 Saint Jacques-des-Arr\u00eats intervient sur un rayon d&rsquo;environ 40 km. L&rsquo;entreprise est \u00e9galement en mesure de vous proposer le service \u00e0 la personne pour petit travaux de jardinage (50% de cr\u00e9dit d&rsquo;imp\u00f4t possible selon la loi de finance en vigueur).<\/p>\n<p>Vous trouverez sur ce site quelques exemples de mes r\u00e9alisations, mais n&rsquo;h\u00e9sitez pas \u00e0 me contacter pour plus de renseignements.<\/p>\n<p>Micka\u00ebl SANGOUARD<br \/>\n<iframe loading=\"lazy\" src=\"https:\/\/www.youtube.com\/embed\/tdXdicEFKNA\" allowfullscreen=\"allowfullscreen\" width=\"560\" height=\"315\" frameborder=\"0\"><\/iframe><\/p>\n<p><iframe loading=\"lazy\" src=\"\/\/www.youtube.com\/embed\/pP6rIGosdLY\" allowfullscreen=\"allowfullscreen\" width=\"560\" height=\"315\" frameborder=\"0\"><\/iframe><\/p>\n<p><iframe loading=\"lazy\" src=\"https:\/\/www.youtube.com\/embed\/YyCm1MrKdNE\" allowfullscreen=\"allowfullscreen\" width=\"560\" height=\"315\" frameborder=\"0\"><\/iframe><\/p>\n<p><a href=\"http:\/\/www.mickaelsangouard.com\/wp-content\/uploads\/2012\/04\/Drac\u00e9.jpg\"><img loading=\"lazy\" decoding=\"async\" class=\"alignright size-thumbnail wp-image-292\" src=\"http:\/\/www.mickaelsangouard.com\/wp-content\/uploads\/2012\/04\/Drac\u00e9-150x150.jpg\" alt=\"Drac\u00e9\" width=\"150\" height=\"150\"><\/a> <a href=\"http:\/\/www.mickaelsangouard.com\/wp-content\/uploads\/2012\/04\/Patriote030311.jpg\"><img loading=\"lazy\" decoding=\"async\" class=\"alignright size-thumbnail wp-image-291\" src=\"http:\/\/www.mickaelsangouard.com\/wp-content\/uploads\/2012\/04\/Patriote030311-150x150.jpg\" alt=\"Patriote030311\" width=\"150\" height=\"150\"><\/a> <a href=\"http:\/\/www.mickaelsangouard.com\/wp-content\/uploads\/2012\/04\/Le-Progres.jpg\"><img loading=\"lazy\" decoding=\"async\" class=\"alignright size-thumbnail wp-image-290\" src=\"http:\/\/www.mickaelsangouard.com\/wp-content\/uploads\/2012\/04\/Le-Progres-150x150.jpg\" alt=\"Le Progres\" width=\"150\" height=\"150\"><\/a><\/p>\n","protected":false},"excerpt":{"rendered":"<p>Apr\u00e8s plus de vingt ann\u00e9es d&rsquo;exp\u00e9rience je vous propose mes services en \u00e9lagage et en abattage quelle que soit la hauteur ou la difficult\u00e9 technique de l&rsquo;ouvrage. Je vous propose \u00e9galement mon savoir faire en paysage pour cr\u00e9er et entretenir &hellip; <a href=\"https:\/\/www.mickaelsangouard.com\/\">Continuer la lecture <span class=\"meta-nav\">&rarr;<\/span><\/a><\/p>\n","protected":false},"author":1,"featured_media":0,"parent":0,"menu_order":0,"comment_status":"closed","ping_status":"open","template":"","meta":{"ngg_post_thumbnail":0,"footnotes":""},"class_list":["post-21","page","type-page","status-publish","hentry"],"_links":{"self":[{"href":"https:\/\/www.mickaelsangouard.com\/index.php?rest_route=\/wp\/v2\/pages\/21","targetHints":{"allow":["GET"]}}],"collection":[{"href":"https:\/\/www.mickaelsangouard.com\/index.php?rest_route=\/wp\/v2\/pages"}],"about":[{"href":"https:\/\/www.mickaelsangouard.com\/index.php?rest_route=\/wp\/v2\/types\/page"}],"author":[{"embeddable":true,"href":"https:\/\/www.mickaelsangouard.com\/index.php?rest_route=\/wp\/v2\/users\/1"}],"replies":[{"embeddable":true,"href":"https:\/\/www.mickaelsangouard.com\/index.php?rest_route=%2Fwp%2Fv2%2Fcomments&post=21"}],"version-history":[{"count":24,"href":"https:\/\/www.mickaelsangouard.com\/index.php?rest_route=\/wp\/v2\/pages\/21\/revisions"}],"predecessor-version":[{"id":639,"href":"https:\/\/www.mickaelsangouard.com\/index.php?rest_route=\/wp\/v2\/pages\/21\/revisions\/639"}],"wp:attachment":[{"href":"https:\/\/www.mickaelsangouard.com\/index.php?rest_route=%2Fwp%2Fv2%2Fmedia&parent=21"}],"curies":[{"name":"wp","href":"https:\/\/api.w.org\/{rel}","templated":true}]}}